 410. What is the remainder when 91 is divided by m?
9
Let w(q) = 49*q**2 - 51*q + 51. Calculate the remainder when w(1) is divided by 35.
14
Let c(h) = 7*h - 35. Let l be c(5). Let d(o) = 3*o + 3. Let u be d(6). Suppose -3*g + l = 15, 0 = n - g - u. What is the remainder when 31 is divided by n?
15
Suppose -4*q + 101 = -59. Suppose 3*n = 4*r - 578 + 559, 3*r + n - 24 = 0. What is the remainder when q is divided by r?
5
Suppose 5*c = 5*l + 70, -c = 5*l + 3 + 7. Suppose 0 = c*q + 28 - 108. What is the remainder when 36 is divided by q?
4
Suppose 0*v = 12*v - 228. Calculate the remainder when v is divided by 2/7 + (-544)/(-56).
9
Let w be 263/4 + 30/(-40). Suppose -f + 0*f - 5*p = -w, 2*f - 175 = 5*p. Suppose -f = -8*b + 4*b. Calculate the remainder when b is divided by 6.
2
Let r(j) = -j**2 - 10*j - 9. Calculate the remainder when 129 is divided by r(-6).
9
Suppose 37*x = 52*x - 720. What is the remainder when 909 is divided by x?
45
Suppose -6*d + 4*a = -2*d - 176, -4*a = -5*d + 219. Let h = -162 + 171. What is the remainder when d is divided by h?
7
Suppose 2*j + 78 - 82 = 0, -j + 20 = l. What is the remainder when 332 is divided by l?
8
Let u(t) = -t**3 - 3*t**2 - 2*t + 3. Let j be 93/(-21) + (-6)/(-14). Let h = 11 + j. What is the remainder when u(-4) is divided by h?
6
Let d(q) = q**3 + q**2 - 2*q + 11. Let y be d(0). Let c(l) = -l**3 + 12*l**2 - 5*l - 8. What is the remainder when c(y) is divided by 12?
10
Suppose -2467 = 5*c - 207. Calculate the remainder when -3*c/45 + 4/(-30) is divided by 4.
2
Let c = 30 + -19. Calculate the remainder when 57 is divided by 222/c + (-4)/22.
17
Let v = -170 - -191. What is the remainder when 55 is divided by v?
13
Suppose 16 = 3*s + s. Suppose -5*m = -6*m - s*w - 7, -5*m + 45 = 4*w. Calculate the remainder when 21 is divided by m.
8
Let o(x) be the first derivative of 15*x - 1/2*x**2 + 6 - 1/3*x**3 + 1/4*x**4. Calculate the remainder when o(0) is divided by 6.
3
Suppose 0 = 5*x - 5*t - 20, -2*t = -4*x - x + 17. Suppose -3*z = -x*q - 42, -2*z + 10 + 15 = -3*q. What is the remainder when 48 is divided by z?
14
Suppose -8*d = -0*d - 760. Suppose -4*u = -0*u - 132. What is the remainder when d is divided by u?
29
Suppose -83 = -5*o + 277. What is the remainder when o is divided by 19?
15
Let p = -114 + 200. Suppose -4*m + 2*v = -p, v = -5*m - 2*v + 124. What is the remainder when 81 is divided by m?
12
Calculate the remainder when 312 is divided by (7*(-1)/3)/((-2)/30).
32
Suppose -2 = v + 4. Suppose u = -4*c + 41, -u + 2 - 1 = 0. Calculate the remainder when c is divided by (-4)/(-6) + (-32)/v.
4
Suppose -5*f = 0, 0 = -2*c - 2*c + 2*f + 844. What is the remainder when c is divided by 100?
11
Let k(v) = 10*v**2 + 3*v - 12. Calculate the remainder when 202 is divided by k(2).
32
Calculate the remainder when (3 - (-17)/(-5))*(-265 - 25) is divided by 56.
4
Suppose 4*w = 39 - 15. Suppose 94 = w*s + 22. What is the remainder when 35 is divided by s?
11
Let a = -48 + 145. Let l = 116 - a. Calculate the remainder when 30 is divided by l.
11
Let d(p) = 19*p**2 + 8*p + 10. Calculate the remainder when d(-6) is divided by 12.
10
Let x = 1 + 3. Let u = -2 - -10. Suppose -x = 2*d - u. What is the remainder when 5 is divided by d?
1
Suppose 5474 = 7*o - 3143. What is the remainder when o is divided by 88?
87
Suppose 0*q - 2*q + 24 = 0. Let x be ((-2)/6)/((-7)/189). Suppose -4*w + x*w = 25. What is the remainder when q is divided by w?
2
Suppose -23*g = -20*g - 4*v - 369, -3*g + 372 = -5*v. What is the remainder when g is divided by 35?
14
Calculate the remainder when 4*(-6 - -25)*4 is divided by 44.
40
Let v be (-216)/22 + 14/(-77). Let l = 43 + v. What is the remainder when l is divided by 5?
3
Let m = 3 + 20. Let t = -27 - -13. Calculate the remainder when m is divided by 6*t/(-15) - 12/(-30).
5
Suppose 0 = -34*g + 35*g - 117. Calculate the remainder when g is divided by 32.
21
Suppose -k - 3*k - 20 = 0. Let r = -3 - k. Suppose -4*m = 4*t + 8, 13*m - 10*m + 12 = 0. Calculate the remainder when r is divided by t.
0
Suppose -10 - 56 = -6*z. Let d be (-3)/(-2*(-1)/2). Let r(c) = -6*c + 3. What is the remainder when r(d) is divided by z?
10
Suppose -4 = -3*p - 4*q + 6, 2*q + 34 = 5*p. Suppose -34 + p = -2*a. Let g = a + -5. What is the remainder when 16 is divided by g?
7
Calculate the remainder when 50 is divided by ((-114)/4)/(3 - 27/6).
12
Let f(v) = 7*v**2 + 2*v + 7. What is the remainder when f(-2) is divided by 9?
4
Suppose -435 = -5*c + 5*o, -163*c - 247 = -166*c - 4*o. Calculate the remainder when c is divided by 46.
39
Suppose -4*a = 5*u - 2*a + 8, -3*u + 5*a + 20 = 0. Suppose u = 3*n + 2*n - 85. Let z = -2394 - -2444. Calculate the remainder when z is divided by n.
16
Suppose 4*j - 9*j = -45. Suppose -4*i = -s + 47 - j, 3*s = 4*i + 74. Calculate the remainder when 34 is divided by s.
16
Suppose 3*g - 5*b + 7 = 0, 3 = 5*g - 3*b - 12. Let l(r) = r**2 + 2*r - 2. What is the remainder when l(3) is divided by g?
1
Suppose -v + 3*g - 18 = 0, -g = -3*v - 5*g - 2. Let m be (-10)/4*v/(-5). Let a(k) = k**2 - 6*k + 4. What is the remainder when a(m) is divided by 11?
9
Suppose 0 = -7*v + 21. Suppose -2*o = -5*o - 15, v*x = -5*o - 16. Suppose 5*g = 25 + 5. What is the remainder when g is divided by x?
0
Let l(m) be the first derivative of -7*m**4/4 - m**3 - m**2 - 7. Let k be l(-2). Suppose -3*f = -7*f + k. Calculate the remainder when 35 is divided by f.
11
Let n = -7832 - -7866. Calculate the remainder when 0 - (-100 + 0/(-1)) is divided by n.
32
Let c(g) = 91*g - 73. What is the remainder when c(2) is divided by 22?
21
Suppose 1 = q - 3. Let s = q + 6. Suppose 3*m + 2*a - 7 = 0, 2*m - 4*m - s = 5*a. What is the remainder when m is divided by 4?
1
Let c(a) = -18*a + 12. Let h be c(-6). Suppose 3*r - 15 = h. What is the remainder when r is divided by 20?
5
Suppose 0 = 4*b + z - 38, -4*b + z - 10 = -60. Suppose 4*l + 47 - 303 = 0. What is the remainder when l is divided by b?
9
Let n(q) = q**3 + 4*q**2 - 5*q. Let c be n(-5). Calculate the remainder when 74 is divided by 16/(-8) + 3 + (24 - c).
24
Suppose 0*q - 76 = -2*s - 5*q, 4 = q. What is the remainder when 38 is divided by s?
10
Suppose -10*q = -8*q - 48. Let g = 53 - -5. Calculate the remainder when g is divided by (180/q)/((-1)/(-2)).
13
Let f be (70/(-15) + 5)/((-2)/(-12)). Suppose -2*y + 128 = 4*l, -y - f*y = -5*l - 192. Calculate the remainder when y is divided by 22.
20
Let k(h) = -17*h. Suppose -2*z + 4 = 5*d, 2*d + 2 = -3*z + 8. Suppose -12*t + 14*t - 12 = d. Calculate the remainder when k(-1) is divided by t.
5
Let p = 203 - 83. Suppose -a = -13*a + p. Calculate the remainder when 25 is divided by a.
5
Let i = -410 + 439. What is the remainder when 156 is divided by i?
11
Suppose -5*s = -22 + 367. Let p = s - -122. What is the remainder when p is divided by 8?
5
Let r(m) = -123*m + 646. Let w(b) = b**3 - 2*b**2 + 4*b - 3. What is the remainder when r(5) is divided by w(3)?
13
Let s = -79 + 63. Let f = s - -26. Calculate the remainder when 37 is divided by f.
7
Let j(f) = f**3 + 7*f**2 - 6*f + 9. Let b be j(-8). Let c = b + 25. Let p = 74 - 4. What is the remainder when p is divided by c?
16
Let i = 20 + -18. Let o(j) = 0*j**2 - j + 5*j - 1 + j**i. Calculate the remainder when o(-6) is divided by 4.
3
Let h = -147 + 213. Suppose -3*a - 129 = -5*o - 311, o - h = -a. Let l = -2014 + 2036. What is the remainder when a is divided by l?
20
Let r = -1 - -7. Suppose r*o - 2*o - 32 = 0. Calculate the remainder when 13 is divided by o.
5
Let k(g) = 2*g**3 + 12*g**2 - 3*g + 2. Let m be k(-6). Let w = 26 + m. Calculate the remainder when w is divided by 16.
14
Let u(b) = -b**3 + 27*b**2 + 34*b - 139. Calculate the remainder when u(28) is divided by 15.
14
Let u = -381 - -468. What is the remainder when u is divided by 44?
43
Let p(t) be the second derivative of -3*t + 1/2*t**2 - 1/12*t**4 + 0 + 1/6*t**3 - 1/10*t**5. Calculate the remainder when 32 is divided by p(-2).
10
Let n(m) = 7*m**3 + 11*m**2 + 4*m - 4. Let b(z) = 8*z**3 + 12*z**2 + 4*z - 5. Let d(j) = -6*b(j) + 7*n(j). Calculate the remainder when 21 is divided by d(-3).
5
Suppose 0 = w - 5*d - 285, 5*d - 181 = -5*w + 1274. What is the remainder when w is divided by 99?
92
Let k(i) = -2*i**2 + 5*i + 44. Calcul